housands digit of 29452687?
5
What is the millions digit of 139524179?
9
What is the thousands digit of 21896290?
6
What is the units digit of 948874610?
0
What is the ten millions digit of 72810876?
7
What is the hundred millions digit of 2196895041?
1
What is the thousands digit of 88158442?
8
What is the ten millions digit of 69412094?
6
What is the thousands digit of 2590916?
0
What is the ten millions digit of 28792336?
2
What is the tens digit of 49655579?
7
What is the thousands digit of 375775798?
5
What is the tens digit of 256344896?
9
What is the thousands digit of 48280871?
0
What is the thousands digit of 882981309?
1
What is the hundred millions digit of 1720385142?
7
What is the ten thousands digit of 708778066?
7
What is the units digit of 544740788?
8
What is the hundreds digit of 310792944?
9
What is the hundred millions digit of 343213522?
3
What is the units digit of 665549982?
2
What is the ten thousands digit of 3026844?
2
What is the hundreds digit of 2483487706?
7
What is the hundreds digit of 7811423?
4
What is the hundred thousands digit of 1373267150?
2
What is the hundreds digit of 159090713?
7
What is the tens digit of 12962212?
1
What is the hundred millions digit of 597794336?
5
What is the thousands digit of 3249132?
9
What is the ten thousands digit of 177521446?
2
What is the thousands digit of 561094289?
4
What is the hundreds digit of 23901216?
2
What is the ten millions digit of 2882673878?
8
What is the millions digit of 185416673?
5
What is the hundred thousands digit of 4594794409?
7
What is the billions digit of 1052272446?
1
What is the tens digit of 324348593?
9
What is the thousands digit of 15942158?
2
What is the ten thousands digit of 2155196454?
9
What is the thousands digit of 55852402?
2
What is the ten millions digit of 222585535?
2
What is the millions digit of 1845054178?
5
What is the units digit of 69330961?
1
What is the ten thousands digit of 2554828213?
2
What is the hundred thousands digit of 2092200397?
2
What is the hundred millions digit of 174567149?
1
What is the millions digit of 437173662?
7
What is the ten millions digit of 77561122?
7
What is the tens digit of 36319966?
6
What is the hundreds digit of 1529823567?
5
What is the thousands digit of 50871160?
1
What is the millions digit of 12216213?
2
What is the hundreds digit of 618023168?
1
What is the hundreds digit of 406115322?
3
What is the tens digit of 90647300?
0
What is the millions digit of 304222100?
4
What is the hundreds digit of 406522797?
7
What is the tens digit of 1055028764?
6
What is the hundreds digit of 152085946?
9
What is the hundreds digit of 519657287?
2
What is the hundreds digit of 5648057153?
1
What is the ten millions digit of 1704068744?
0
What is the hundreds digit of 17569986?
9
What is the millions digit of 1255102113?
5
What is the millions digit of 2414178568?
4
What is the units digit of 2115123237?
7
What is the ten millions digit of 1843538515?
4
What is the ten millions digit of 1219812747?
1
What is the tens digit of 27850103?
0
What is the hundreds digit of 6150215812?
8
What is the units digit of 21481834?
4
What is the ten thousands digit of 30312110?
1
What is the millions digit of 470754810?
0
What is the billions digit of 1557766575?
1
What is the hundred thousands digit of 115708930?
7
What is the thousands digit of 112789353?
9
What is the thousands digit of 329149035?
9
What is the millions digit of 187682568?
7
What is the ten millions digit of 154573689?
5
What is the hundred thousands digit of 276280015?
2
What is the thousands digit of 322819483?
9
What is the hundreds digit of 144676927?
9
What is the thousands digit of 4083834015?
4
What is the hundreds digit of 10935545?
5
What is the hundred thousands digit of 144090964?
0
What is the units digit of 996160407?
7
What is the millions digit of 343538044?
3
What is the hundreds digit of 344262819?
8
What is the thousands digit of 301845640?
5
What is the ten thousands digit of 14176015?
7
What is the units digit of 59316112?
2
What is the millions digit of 1523923094?
3
What is the units digit of 4942705700?
0
What is the thousands digit of 90487306?
7
What is the tens digit of 521166952?
5
What is the ten millions digit of 424283069?
2
What is the thousands digit of 84359138?
9
What is the hundred thousands digit of 47512767?
5
What is the thousands digit of 1074439957?
9
What is the hundreds digit of 956008?
0
What is the hundred thousands digit of 376894685?
8
What is the ten thousands digit of 815733679?
3
What is the hundred thousands digit of 434793030?
7
What is the hundred millions digit of 152568425?
1
What is the ten millions digit of 126084923?
2
What is the millions digit of 162892982?
2
What is the hundred millions digit of 260753629?
2
What is the millions digit of 1036885233?
6
What is the ten millions digit of 486106842?
8
What is the ten thousands digit of 102366616?
6
What is the ten millions digit of 137175245?
3
What is the hundreds digit of 54236238?
2
What is the hundred thousands digit of 6546807522?
8
What is the thousands digit of 42182054?
2
What is the hundreds digit of 357864446?
4
What is the tens digit of 40131034?
3
What is the millions digit of 3410314?
3
What is the ten thousands digit of 9663701?
6
What is the thousands digit of 185675190?
5
What is the hundreds digit of 613788467?
4
What is the ten millions digit of 496658242?
9
What is the units digit of 4158024?
4
What is the ten thousands digit of 171693341?
9
What is the hundred thousands digit of 1052553532?
5
What is the millions digit of 24290056?
4
What is the tens digit of 1296617216?
1
What is the units digit of 109085562?
2
What is the units digit of 68814991?
1
What is the ten thousands digit of 641607147?
0
What is the thousands digit of 624587656?
7
What is the units digit of 40484535?
5
What is the ten millions digit of 66025274?
6
What is the hundred millions digit of 1819145205?
8
What is the hundreds digit of 1349097169?
1
What is the thousands digit of 119395700?
5
What is the millions digit of 50403132?
0
What is the ten thousands digit of 3457263793?
6
What is the tens digit of 205671199?
9
What is the ten thousands digit of 847871892?
7
What is the millions digit of 306581877?
6
What is the tens digit of 25101284?
8
What is the ten thousands digit of 69352345?
5
What is the units digit of 231355236?
6
What is the hundred thousands digit of 2055752394?
7
What is the hundreds digit of 701802476?
4
What is the tens digit of 10066073?
7
What is the tens digit of 342599920?
2
What is the hundreds digit of 518707469?
4
What is the hundred millions digit of 323375256?
3
What is the tens digit of 50905148?
4
What is the hundred millions digit of 1834990194?
8
What is the ten thousands digit of 117338858?
3
What is the tens digit of 2008582627?
2
What is the units digit of 410245903?
3
What is the ten millions digit of 890459941?
9
What is the tens digit of 115802278?
7
What is the thousands digit of 346752590?
2
What is the hundred thousands digit of 9473785481?
7
What is the hundred thousands digit of 560832315?
8
What is the tens digit of 1025776221?
2
What is the millions digit of 900202403?
0
What is the ten millions digit of 367272000?
6
What is the hundred thousands digit of 78095767?
0
What is the units digit of 62418591?
1
What is the hundreds digit of 541183127?
1
What is the hundred thousands digit of 4304038?
3
What is the hundred thousands digit of 423027111?
0
What is the hundred thousands digit of 790161128?
1
What is the hundreds digit of 197617287?
2
What is the hundreds digit of 4681229400?
4
What is the hundred thousands digit of 36403431?
4
What is the thousands digit of 8897646542?
6
What is the ten millions digit of 61716140?
6
What is the hundred thousands digit of 95746696?
7
What is the thousands digit of 37142239?
2
What is the hundred thousands digit of 112744090?
7
What is the hundreds digit of 266131557?
5
What is the ten millions digit of 809291672?
0
What is the millions digit of 2849100924?
9
What is the hundred millions digit of 7156034629?
1
What is the units digit of 3701500?
0
What is the thousands digit of 20859242?
9
What is the hundred thousands digit of 88967974?
9
What is the ten th